{"id":817,"date":"2011-11-22T20:17:12","date_gmt":"2011-11-22T19:17:12","guid":{"rendered":"http:\/\/twinstef.no-ip.org\/wordpress\/?page_id=8"},"modified":"2024-11-13T15:56:54","modified_gmt":"2024-11-13T14:56:54","slug":"accueil","status":"publish","type":"page","link":"http:\/\/www.compatoon.com\/?page_id=817&lang=fr","title":{"rendered":"Accueil"},"content":{"rendered":"<h4 style=\"text-align: center;\"><span style=\"font-size: large;\"><strong>CompaToon<\/strong> propose des outils d\u00e9di\u00e9s \u00e0 la fabrication de <strong>dessins anim\u00e9s<\/strong>.<\/span><\/h4>\n<p style=\"text-align: right;\"><a href=\"http:\/\/www.facebook.com\/compatoon2\" target=\"_blank\" rel=\"noopener publisher\">Facebook<\/a><\/p>\n<h3>Outils d&rsquo;animation<\/h3>\n<p><span style=\"font-size: large;\"><strong><a href=\"http:\/\/www.compatoon.com\/?page_id=70\" rel=\"attachment wp-att-779\"><img loading=\"lazy\" decoding=\"async\" class=\"alignleft wp-image-779 size-full\" src=\"http:\/\/www.compatoon.com\/wp-content\/uploads\/toonExpoBlackPopup400.png\" alt=\"toonExpoBlackPopup400\" width=\"400\" height=\"477\" \/><\/a>ToonExpo<\/strong>4After <span style=\"color: #ff0000;\"><strong>(<span style=\"color: #ff0000;\">Edition Libre<\/span>)<\/strong><\/span><\/span><\/p>\n<p>Ce Plugin int\u00e8gre une feuille d&rsquo;exposition <strong>(Dope Sheet<\/strong>) dans After Effect.<\/p>\n<p><span style=\"font-size: 16px;\">compatible avec Adobe After Effets CS3 \u00e0 CC.<br \/>\n<\/span><span style=\"font-size: 16px;\">(support Windows uniquement).<\/span><\/p>\n<p><a title=\"Doc ToonExpo utilisateur [FR]\" href=\"http:\/\/www.compatoon.com\/?page_id=333\">Voir la Documentation<\/a><\/p>\n<a href=\"http:\/\/www.compatoon.com\/?ddownload=546\" title=\"Download <b>ToonExpo (Free Edition) + Sample Files<\/b><br>( Windows After Effects CS\/CC )\" rel=\"nofollow\" class=\"ddownload-button button-blue id-546 ext-zip\">Download <b>ToonExpo (Free Edition) + Sample Files<\/b><br>( Windows After Effects CS\/CC )<\/a>\n<hr \/>\n<h3>\u00a0Outils de production<\/h3>\n<p><a href=\"http:\/\/www.compatoon.com\/?attachment_id=799\" rel=\"attachment wp-att-415\"><img loading=\"lazy\" decoding=\"async\" class=\" wp-image-799 size-full alignleft\" src=\"http:\/\/www.compatoon.com\/wp-content\/uploads\/Diagramme-Create-V2.png\" alt=\"\" width=\"392\" height=\"520\" \/><\/a><span style=\"font-size: large;\"><strong>ToonBox<\/strong> Standalone<br \/>\n<\/span><\/p>\n<p><a href=\"http:\/\/wiki.compatoon.com\/doku.php?id=compatoon:manuals:toonbox:v2:start\">Voir la Documentation<\/a><\/p>\n<p>Avec ce programme autonome vous pouvez :<\/p>\n<p>Automatiser la <strong>cr\u00e9ation <\/strong>des <strong>BoxAnim<\/strong> des sc\u00e8nes (<strong>Harmony<\/strong>, <strong>Animate<\/strong>, <strong>AfterEffects<\/strong>,\u00a0<strong>3dsMax, &#8230;)\u00a0<\/strong> \u00e0 partir du d\u00e9pouillement (<strong>Break Down List)<\/strong> et importer les <strong>assets<\/strong> de la sc\u00e8ne dans la timeline.<\/p>\n<p>Automatiser l&rsquo;<strong>exportation<\/strong> de sc\u00e8ne <strong>Animate\/3dsMax\/Photoshop\/&#8230;<\/strong> sous forme de liste de fichiers <strong>swf<\/strong>,<strong>png,tga &#8230;<\/strong>.<\/p>\n<p style=\"padding-left: 420px;\">Automatiser la <strong>g\u00e9n\u00e9ration <\/strong>de fichiers <strong>vid\u00e9o <\/strong>\u00e0 partir de fichiers <strong>Flash<\/strong>, <strong>3dsMax<\/strong>, <strong>AfterEffects.<\/strong><\/p>\n<p style=\"padding-left: 420px;\">&#8211;<strong>Scan Mode : <\/strong>Analyse le contenu du r\u00e9pertoire et traite automatiquement chaque fichier qui est d\u00e9pos\u00e9.<\/p>\n<p style=\"padding-left: 420px;\"><a href=\"http:\/\/www.compatoon.com\/?ddownload=656\" title=\"Download <b>ToonBox<\/b> <br>Windows X64\" rel=\"nofollow\" class=\"ddownload-button button-blue id-656 ext-zip\">Download <b>ToonBox<\/b> <br>Windows X64<\/a>\u00a0\u00a0\u00a0\u00a0<a href=\"http:\/\/www.compatoon.com\/?ddownload=949\" title=\"Download <b>ToonBox<\/b> <br>Mac OSX\" rel=\"nofollow\" class=\"ddownload-button button-blue id-949 ext-dmg\">Download <b>ToonBox<\/b> <br>Mac OSX<\/a><\/p>\n<hr \/>\n<p><a title=\"ToonBox4After\" href=\"http:\/\/www.compatoon.com\/?attachment_id=808\" rel=\"attachment wp-att-696\"><img loading=\"lazy\" decoding=\"async\" class=\" wp-image-808 size-full alignleft\" src=\"http:\/\/www.compatoon.com\/wp-content\/uploads\/toonBox4After4.jpg\" alt=\"\" width=\"400\" height=\"437\" \/><\/a><span style=\"font-size: large;\"><strong>ToonBox<\/strong>4After<\/span><\/p>\n<p>Ce <strong>plug-in After Effects<\/strong> combine un ensemble d&rsquo;outils pour effectuer diff\u00e9rentes t\u00e2ches dans la production.<\/p>\n<p style=\"padding-left: 420px;\"><strong>Cr\u00e9er et importer :<\/strong><\/p>\n<p style=\"padding-left: 420px;\"><strong>Cr\u00e9ation<\/strong> d&rsquo;un projet contenant la sc\u00e8ne \u00e0 partir de l&rsquo;animatique.<\/p>\n<p style=\"padding-left: 420px;\"><strong>Importer<\/strong> une sc\u00e8ne anim\u00e9e (comme un ensemble de fichiers <strong>png<\/strong> ou <strong>swf<\/strong>) d\u00e9finie par un descripteur xml (ou non).<\/p>\n<p style=\"padding-left: 420px;\"><strong>Importer<\/strong> des assets (D\u00e9cor \/ Animatique \/ Bande son &#8230;) \u00e0 partir du plan ou d&rsquo;une Break Down List.<\/p>\n<p style=\"padding-left: 420px;\"><a href=\"http:\/\/www.compatoon.com\/?ddownload=700\" title=\"Download <b>ToonBox4After<\/b><br>( Windows After Effects CS\/CC)\" rel=\"nofollow\" class=\"ddownload-button button-blue id-700 ext-zip\">Download <b>ToonBox4After<\/b><br>( Windows After Effects CS\/CC)<\/a><\/p>\n<hr \/>\n<p>Utilis\u00e9 sur &#8230;<\/p>\n<p><a href=\"http:\/\/www.compatoon.com\/?attachment_id=931\" rel=\"attachment wp-att-931\"> <img loading=\"lazy\" decoding=\"async\" class=\"wp-image-931 alignnone\" src=\"http:\/\/www.compatoon.com\/wp-content\/uploads\/roger.jpg\" alt=\"roger\" width=\"214\" height=\"120\" \/><\/a>\u00a0\u00a0<a href=\"http:\/\/www.compatoon.com\/wp-content\/uploads\/ollie.jpg\" rel=\"attachment wp-att-931\"><img loading=\"lazy\" decoding=\"async\" class=\"alignnone wp-image-873\" src=\"http:\/\/www.compatoon.com\/wp-content\/uploads\/ollie.jpg\" alt=\"ollie\" width=\"90\" height=\"120\" \/><\/a>\u00a0\u00a0<a href=\"http:\/\/www.compatoon.com\/wp-content\/uploads\/Les_Legendaires.jpg\" rel=\"attachment wp-att-872\"><img loading=\"lazy\" decoding=\"async\" class=\"alignnone wp-image-872\" src=\"http:\/\/www.compatoon.com\/wp-content\/uploads\/Les_Legendaires.jpg\" alt=\"les_legendaires\" width=\"148\" height=\"120\" srcset=\"http:\/\/www.compatoon.com\/wp-content\/uploads\/Les_Legendaires.jpg 577w, http:\/\/www.compatoon.com\/wp-content\/uploads\/Les_Legendaires-400x325.jpg 400w\" sizes=\"auto, (max-width: 148px) 100vw, 148px\" \/><\/a>\u00a0\u00a0<a href=\"http:\/\/www.compatoon.com\/wp-content\/uploads\/Cabane-icon.jpg\" rel=\"attachment wp-att-882\"><img loading=\"lazy\" decoding=\"async\" class=\"alignnone wp-image-882\" src=\"http:\/\/www.compatoon.com\/wp-content\/uploads\/Cabane-icon.jpg\" alt=\"cabane-icon\" width=\"156\" height=\"120\" \/><\/a>\u00a0\u00a0<a href=\"http:\/\/www.compatoon.com\/wp-content\/uploads\/mxm.png\"><img loading=\"lazy\" decoding=\"async\" class=\"alignnone wp-image-935\" src=\"http:\/\/www.compatoon.com\/wp-content\/uploads\/mxm.png\" alt=\"mxm\" width=\"90\" height=\"120\" \/><\/a>\u00a0\u00a0<a href=\"http:\/\/www.compatoon.com\/wp-content\/uploads\/Crumpets.jpg\" rel=\"attachment wp-att-870\"><img loading=\"lazy\" decoding=\"async\" class=\"alignnone wp-image-870\" src=\"http:\/\/www.compatoon.com\/wp-content\/uploads\/Crumpets.jpg\" alt=\"crumpets\" width=\"170\" height=\"120\" \/><\/a>\u00a0\u00a0<a href=\"http:\/\/www.compatoon.com\/wp-content\/uploads\/sisters.jpg\" rel=\"attachment wp-att-875\"><img loading=\"lazy\" decoding=\"async\" class=\"alignnone wp-image-875\" src=\"http:\/\/www.compatoon.com\/wp-content\/uploads\/sisters.jpg\" alt=\"sisters\" width=\"88\" height=\"120\" srcset=\"http:\/\/www.compatoon.com\/wp-content\/uploads\/sisters.jpg 513w, http:\/\/www.compatoon.com\/wp-content\/uploads\/sisters-400x545.jpg 400w\" sizes=\"auto, (max-width: 88px) 100vw, 88px\" \/><\/a>\u00a0\u00a0<a href=\"http:\/\/www.compatoon.com\/wp-content\/uploads\/squish.jpg\" rel=\"attachment wp-att-875\"><img loading=\"lazy\" decoding=\"async\" class=\"alignnone wp-image-969\" src=\"http:\/\/www.compatoon.com\/wp-content\/uploads\/squish.jpg\" alt=\"squish\" width=\"214\" height=\"120\" \/><\/a>\u00a0\u00a0<a href=\"http:\/\/www.compatoon.com\/wp-content\/uploads\/TomTomEtNana.jpg\" rel=\"attachment wp-att-965\"><img loading=\"lazy\" decoding=\"async\" class=\"alignnone wp-image-965\" src=\"http:\/\/www.compatoon.com\/wp-content\/uploads\/TomTomEtNana.jpg\" alt=\"TomTomEtNana\" width=\"426\" height=\"120\" \/><\/a>\u00a0\u00a0<a href=\"http:\/\/www.compatoon.com\/wp-content\/uploads\/Lastman.jpg\"><img loading=\"lazy\" decoding=\"async\" class=\"alignnone wp-image-871\" src=\"http:\/\/www.compatoon.com\/wp-content\/uploads\/Lastman.jpg\" alt=\"\" width=\"88\" height=\"120\" srcset=\"http:\/\/www.compatoon.com\/wp-content\/uploads\/Lastman.jpg 1000w, http:\/\/www.compatoon.com\/wp-content\/uploads\/Lastman-400x545.jpg 400w, http:\/\/www.compatoon.com\/wp-content\/uploads\/Lastman-768x1047.jpg 768w, http:\/\/www.compatoon.com\/wp-content\/uploads\/Lastman-751x1024.jpg 751w\" sizes=\"auto, (max-width: 88px) 100vw, 88px\" \/><\/a>\u00a0\u00a0<a href=\"http:\/\/www.compatoon.com\/wp-content\/uploads\/The-Wolf.jpg\"> <img loading=\"lazy\" decoding=\"async\" class=\"alignnone wp-image-985\" src=\"http:\/\/www.compatoon.com\/wp-content\/uploads\/The-Wolf.jpg\" alt=\"\" width=\"160\" height=\"120\" \/><\/a>\u00a0\u00a0<a href=\"http:\/\/www.compatoon.com\/wp-content\/uploads\/Sardine-Espace.jpg\"><img loading=\"lazy\" decoding=\"async\" class=\"alignnone wp-image-984\" src=\"http:\/\/www.compatoon.com\/wp-content\/uploads\/Sardine-Espace.jpg\" alt=\"\" width=\"188\" height=\"120\" \/><\/a>\u00a0\u00a0<a href=\"http:\/\/www.compatoon.com\/wp-content\/uploads\/Glitch_Techs_logo.png\"><img loading=\"lazy\" decoding=\"async\" class=\"alignnone wp-image-986\" src=\"http:\/\/www.compatoon.com\/wp-content\/uploads\/Glitch_Techs_logo.png\" alt=\"\" width=\"228\" height=\"120\" \/><\/a>\u00a0\u00a0<a href=\"http:\/\/www.compatoon.com\/wp-content\/uploads\/zipzip.jpg\"><img loading=\"lazy\" decoding=\"async\" class=\"alignnone wp-image-988\" src=\"http:\/\/www.compatoon.com\/wp-content\/uploads\/zipzip.jpg\" alt=\"\" width=\"215\" height=\"120\" \/><\/a>\u00a0\u00a0<a href=\"http:\/\/www.compatoon.com\/wp-content\/uploads\/Zoe-Milo.jpg\"><img loading=\"lazy\" decoding=\"async\" class=\"alignnone wp-image-989\" src=\"http:\/\/www.compatoon.com\/wp-content\/uploads\/Zoe-Milo.jpg\" alt=\"\" width=\"96\" height=\"120\" \/><\/a>\u00a0\u00a0<a href=\"http:\/\/www.compatoon.com\/wp-content\/uploads\/Kid-Lucky.jpg\"><img loading=\"lazy\" decoding=\"async\" class=\"alignnone wp-image-990\" src=\"http:\/\/www.compatoon.com\/wp-content\/uploads\/Kid-Lucky.jpg\" alt=\"\" width=\"206\" height=\"120\" \/><\/a><\/p>\n","protected":false},"excerpt":{"rendered":"<p>CompaToon propose des outils d\u00e9di\u00e9s \u00e0 la fabrication de dessins anim\u00e9s. Facebook Outils d&rsquo;animation ToonExpo4After (Edition Libre) Ce Plugin int\u00e8gre une feuille d&rsquo;exposition (Dope Sheet) dans After Effect. compatible avec Adobe After Effets CS3 \u00e0 CC. (support Windows uniquement). Voir &hellip; <a href=\"http:\/\/www.compatoon.com\/?page_id=817&#038;lang=fr\">Continuer la lecture <span class=\"meta-nav\">&rarr;<\/span><\/a><\/p>\n","protected":false},"author":1,"featured_media":0,"parent":0,"menu_order":0,"comment_status":"closed","ping_status":"closed","template":"onecolumn-page.php","meta":{"footnotes":""},"class_list":["post-817","page","type-page","status-publish","hentry"],"_links":{"self":[{"href":"http:\/\/www.compatoon.com\/index.php?rest_route=\/wp\/v2\/pages\/817","targetHints":{"allow":["GET"]}}],"collection":[{"href":"http:\/\/www.compatoon.com\/index.php?rest_route=\/wp\/v2\/pages"}],"about":[{"href":"http:\/\/www.compatoon.com\/index.php?rest_route=\/wp\/v2\/types\/page"}],"author":[{"embeddable":true,"href":"http:\/\/www.compatoon.com\/index.php?rest_route=\/wp\/v2\/users\/1"}],"replies":[{"embeddable":true,"href":"http:\/\/www.compatoon.com\/index.php?rest_route=%2Fwp%2Fv2%2Fcomments&post=817"}],"version-history":[{"count":60,"href":"http:\/\/www.compatoon.com\/index.php?rest_route=\/wp\/v2\/pages\/817\/revisions"}],"predecessor-version":[{"id":1023,"href":"http:\/\/www.compatoon.com\/index.php?rest_route=\/wp\/v2\/pages\/817\/revisions\/1023"}],"wp:attachment":[{"href":"http:\/\/www.compatoon.com\/index.php?rest_route=%2Fwp%2Fv2%2Fmedia&parent=817"}],"curies":[{"name":"wp","href":"https:\/\/api.w.org\/{rel}","templated":true}]}}